{"id":312,"date":"2020-01-23T18:21:52","date_gmt":"2020-01-23T18:21:52","guid":{"rendered":"https:\/\/demosites.io\/web-agency-gb\/?page_id=61"},"modified":"2022-05-09T16:22:09","modified_gmt":"2022-05-09T19:22:09","slug":"15c42-web-agency-gb-about-us","status":"publish","type":"page","link":"http:\/\/atakkarejo.com.br\/?page_id=312","title":{"rendered":"About Us"},"content":{"rendered":"\t\t<div data-elementor-type=\"wp-page\" data-elementor-id=\"312\" class=\"elementor elementor-312\">\n\t\t\t\t\t\t\t\t\t<section class=\"elementor-section elementor-top-section elementor-element elementor-element-4b79b8 elementor-section-boxed elementor-section-height-default elementor-section-height-default\" data-id=\"4b79b8\" data-element_type=\"section\">\n\t\t\t\t\t\t<div class=\"elementor-container elementor-column-gap-default\">\n\t\t\t\t\t<div class=\"elementor-column elementor-col-100 elementor-top-column elementor-element elementor-element-1ef83e6d\" data-id=\"1ef83e6d\" data-element_type=\"column\">\n\t\t\t<div class=\"elementor-widget-wrap elementor-element-populated\">\n\t\t\t\t\t\t\t\t<div class=\"elementor-element elementor-element-177963dd elementor-widget elementor-widget-text-editor\" data-id=\"177963dd\" data-element_type=\"widget\" data-widget_type=\"text-editor.default\">\n\t\t\t\t<div class=\"elementor-widget-container\">\n\t\t\t<style>\/*! elementor - v3.6.5 - 27-04-2022 *\/\n.elementor-widget-text-editor.elementor-drop-cap-view-stacked .elementor-drop-cap{background-color:#818a91;color:#fff}.elementor-widget-text-editor.elementor-drop-cap-view-framed .elementor-drop-cap{color:#818a91;border:3px solid;background-color:transparent}.elementor-widget-text-editor:not(.elementor-drop-cap-view-default) .elementor-drop-cap{margin-top:8px}.elementor-widget-text-editor:not(.elementor-drop-cap-view-default) .elementor-drop-cap-letter{width:1em;height:1em}.elementor-widget-text-editor .elementor-drop-cap{float:left;text-align:center;line-height:1;font-size:50px}.elementor-widget-text-editor .elementor-drop-cap-letter{display:inline-block}<\/style>\t\t\t\t<p><!-- wp:cover {\"overlayColor\":\"nv-site-bg\",\"minHeight\":300,\"align\":\"full\"} --><\/p>\n<div class=\"wp-block-cover alignfull has-nv-site-bg-background-color has-background-dim\" style=\"min-height: 300px;\">\n<div class=\"wp-block-cover__inner-container\">\n<p><!-- wp:group --><\/p>\n<div class=\"wp-block-group\">\n<h1 class=\"has-text-align-left has-neve-text-color-color has-text-color\">FORNECEDORES<\/h1>\n<\/div>\n<p><img loading=\"lazy\" decoding=\"async\" class=\"wp-image-392 alignnone\" src=\"http:\/\/atakkarejo.com.br\/wp-content\/uploads\/2022\/05\/Gray-We-are-hiring-instagram-story-Post-para-Instagram-2-300x300.png\" alt=\"\" width=\"240\" height=\"240\" srcset=\"http:\/\/atakkarejo.com.br\/wp-content\/uploads\/2022\/05\/Gray-We-are-hiring-instagram-story-Post-para-Instagram-2-300x300.png 300w, http:\/\/atakkarejo.com.br\/wp-content\/uploads\/2022\/05\/Gray-We-are-hiring-instagram-story-Post-para-Instagram-2-1024x1024.png 1024w, http:\/\/atakkarejo.com.br\/wp-content\/uploads\/2022\/05\/Gray-We-are-hiring-instagram-story-Post-para-Instagram-2-150x150.png 150w, http:\/\/atakkarejo.com.br\/wp-content\/uploads\/2022\/05\/Gray-We-are-hiring-instagram-story-Post-para-Instagram-2-768x768.png 768w, http:\/\/atakkarejo.com.br\/wp-content\/uploads\/2022\/05\/Gray-We-are-hiring-instagram-story-Post-para-Instagram-2.png 1080w\" sizes=\"auto, (max-width: 240px) 100vw, 240px\" \/><\/p>\n<\/div>\n<\/div>\n<div class=\"wp-block-cover alignfull has-nv-light-bg-background-color has-background-dim\" style=\"min-height: 600px;\">\n<div class=\"wp-block-cover__inner-container\">\n<div class=\"wp-block-group\">\n<p><!-- \/wp:spacer --><!-- wp:columns {\"verticalAlignment\":\"center\"} --><\/p>\n<div class=\"wp-block-columns are-vertically-aligned-center\">\n<p><!-- wp:column {\"verticalAlignment\":\"center\",\"width\":\"50%\"} --><\/p>\n<div class=\"wp-block-column is-vertically-aligned-center\" style=\"flex-basis: 50%;\">\n<p><!-- wp:image {\"id\":36,\"sizeSlug\":\"large\"} --><\/p>\n<figure class=\"wp-block-image size-large\">Aqui voc\u00ea encontra as melhores marcas em material el\u00e9trico e hidr\u00e1ulico com os melhores pre\u00e7os do mercado.<\/figure>\n<\/div>\n<div class=\"wp-block-column is-vertically-aligned-center\" style=\"flex-basis: 50%;\">\n<p><!-- \/wp:paragraph --><\/p>\n<\/div>\n<p><!-- \/wp:column --><\/p>\n<\/div>\n<p><!-- \/wp:columns --><!-- wp:spacer {\"height\":40} --><\/p>\n<div class=\"wp-block-spacer\" style=\"height: 40px;\" aria-hidden=\"true\">\u00a0<\/div>\n<p><!-- \/wp:spacer --><\/p>\n<\/div>\n<p><!-- \/wp:group --><\/p>\n<\/div>\n<\/div>\n<p><!-- \/wp:cover --><!-- wp:cover {\"overlayColor\":\"nv-dark-bg\",\"minHeight\":600,\"align\":\"full\"} --><\/p>\n<div class=\"wp-block-cover alignfull has-nv-dark-bg-background-color has-background-dim\" style=\"min-height: 600px;\">\n<div class=\"wp-block-cover__inner-container\">\n<p><!-- wp:group --><\/p>\n<div class=\"wp-block-group\">\n<p><!-- wp:spacer {\"height\":80} --><\/p>\n<div class=\"wp-block-spacer\" style=\"height: 80px;\" aria-hidden=\"true\">\u00a0<\/div>\n<p><!-- \/wp:spacer --><!-- wp:columns {\"verticalAlignment\":\"center\"} --><\/p>\n<div class=\"wp-block-columns are-vertically-aligned-center\">\n<p><!-- wp:column {\"verticalAlignment\":\"center\",\"width\":\"50%\"} --><\/p>\n<div class=\"wp-block-column is-vertically-aligned-center\" style=\"flex-basis: 50%;\">\n<p><!-- wp:heading {\"textColor\":\"nv-text-dark-bg\"} --><\/p>\n<h2 class=\"has-nv-text-dark-bg-color has-text-color\">We are driven by values<\/h2>\n<p><!-- \/wp:heading --><!-- wp:paragraph {\"textColor\":\"nv-text-dark-bg\"} --><\/p>\n<p class=\"has-nv-text-dark-bg-color has-text-color\">Lorem ipsum dolor sit amet, consectetur adipiscing elit. Ut elit tellus, luctus nec ullamcorper mattis, pulvinar dapibus leo. Line high touch client we need to have a Come to Jesus meeting with Phil about his attitude, so where the.<\/p>\n<p><!-- \/wp:paragraph --><!-- wp:spacer {\"height\":20} --><\/p>\n<div class=\"wp-block-spacer\" style=\"height: 20px;\" aria-hidden=\"true\">\u00a0<\/div>\n<p><!-- \/wp:spacer --><!-- wp:buttons --><\/p>\n<div class=\"wp-block-buttons\">\n<p><!-- wp:button {\"className\":\"is-style-primary\"} --><\/p>\n<div class=\"wp-block-button is-style-primary\"><a class=\"wp-block-button__link\" href=\"http:\/\/atakkarejo.com.br\/web-agency-gb-contact-us\/\">LET\u2019S TALK<\/a><\/div>\n<p><!-- \/wp:button --><\/p>\n<\/div>\n<p><!-- \/wp:buttons --><!-- wp:spacer {\"height\":20} --><\/p>\n<div class=\"wp-block-spacer\" style=\"height: 20px;\" aria-hidden=\"true\">\u00a0<\/div>\n<p><!-- \/wp:spacer --><\/p>\n<\/div>\n<p><!-- \/wp:column --><!-- wp:column {\"verticalAlignment\":\"center\",\"width\":\"50%\"} --><\/p>\n<div class=\"wp-block-column is-vertically-aligned-center\" style=\"flex-basis: 50%;\">\n<p><!-- wp:image {\"id\":39,\"sizeSlug\":\"large\"} --><\/p>\n<figure class=\"wp-block-image size-large\"><img loading=\"lazy\" decoding=\"async\" class=\"alignnone size-medium wp-image-392\" src=\"http:\/\/atakkarejo.com.br\/wp-content\/uploads\/2022\/05\/Gray-We-are-hiring-instagram-story-Post-para-Instagram-2-300x300.png\" alt=\"\" width=\"300\" height=\"300\" srcset=\"http:\/\/atakkarejo.com.br\/wp-content\/uploads\/2022\/05\/Gray-We-are-hiring-instagram-story-Post-para-Instagram-2-300x300.png 300w, http:\/\/atakkarejo.com.br\/wp-content\/uploads\/2022\/05\/Gray-We-are-hiring-instagram-story-Post-para-Instagram-2-1024x1024.png 1024w, http:\/\/atakkarejo.com.br\/wp-content\/uploads\/2022\/05\/Gray-We-are-hiring-instagram-story-Post-para-Instagram-2-150x150.png 150w, http:\/\/atakkarejo.com.br\/wp-content\/uploads\/2022\/05\/Gray-We-are-hiring-instagram-story-Post-para-Instagram-2-768x768.png 768w, http:\/\/atakkarejo.com.br\/wp-content\/uploads\/2022\/05\/Gray-We-are-hiring-instagram-story-Post-para-Instagram-2.png 1080w\" sizes=\"auto, (max-width: 300px) 100vw, 300px\" \/><\/figure>\n<p><!-- \/wp:image --><\/p>\n<\/div>\n<p><!-- \/wp:column --><\/p>\n<\/div>\n<p><!-- \/wp:columns --><!-- wp:spacer {\"height\":40} --><\/p>\n<div class=\"wp-block-spacer\" style=\"height: 40px;\" aria-hidden=\"true\">\u00a0<\/div>\n<p><!-- \/wp:spacer --><\/p>\n<\/div>\n<p><!-- \/wp:group --><\/p>\n<\/div>\n<\/div>\n<p><!-- \/wp:cover --><!-- wp:cover {\"overlayColor\":\"nv-site-bg\",\"minHeight\":420,\"align\":\"full\"} --><\/p>\n<div class=\"wp-block-cover alignfull has-nv-site-bg-background-color has-background-dim\" style=\"min-height: 420px;\">\n<div class=\"wp-block-cover__inner-container\">\n<p><!-- wp:spacer {\"height\":80} --><\/p>\n<div class=\"wp-block-spacer\" style=\"height: 80px;\" aria-hidden=\"true\">\u00a0<\/div>\n<p><!-- \/wp:spacer --><!-- wp:columns --><\/p>\n<div class=\"wp-block-columns\">\n<p><!-- wp:column {\"className\":\"ticss-4ce656f1\"} --><\/p>\n<div class=\"wp-block-column ticss-4ce656f1\">\n<p><!-- wp:image {\"id\":20,\"sizeSlug\":\"large\",\"linkDestination\":\"none\",\"className\":\"icon-style is-style-rounded\"} --><\/p>\n<figure class=\"wp-block-image size-large icon-style is-style-rounded\"><img decoding=\"async\" class=\"wp-image-20\" src=\"http:\/\/atakkarejo.com.br\/wp-content\/uploads\/2020\/01\/neve-webdesign-GB-03.png\" alt=\"\" \/><\/figure>\n<p><!-- \/wp:image --><!-- wp:heading {\"textAlign\":\"left\",\"level\":3,\"textColor\":\"neve-text-color\",\"className\":\"has-text-align-center\"} --><\/p>\n<h3 class=\"has-text-align-left has-text-align-center has-neve-text-color-color has-text-color\">Super Efficient<\/h3>\n<p><!-- \/wp:heading --><!-- wp:paragraph {\"align\":\"left\",\"style\":{\"typography\":{\"fontSize\":15}},\"textColor\":\"neve-text-color\"} --><\/p>\n<p class=\"has-text-align-left has-neve-text-color-color has-text-color\" style=\"font-size: 15px;\">Lorem ipsum dolor sit amet elit do, consectetur adipiscing, sed eiusmod tempor.<\/p>\n<p><!-- \/wp:paragraph --><!-- wp:spacer {\"height\":20} --><\/p>\n<div class=\"wp-block-spacer\" style=\"height: 20px;\" aria-hidden=\"true\">\u00a0<\/div>\n<p><!-- \/wp:spacer --><\/p>\n<\/div>\n<p><!-- \/wp:column --><!-- wp:column {\"className\":\"ticss-f6fc7494\"} --><\/p>\n<div class=\"wp-block-column ticss-f6fc7494\">\n<p><!-- wp:image {\"id\":20,\"sizeSlug\":\"large\",\"linkDestination\":\"none\",\"className\":\"icon-style is-style-rounded\"} --><\/p>\n<figure class=\"wp-block-image size-large icon-style is-style-rounded\"><img decoding=\"async\" class=\"wp-image-20\" src=\"http:\/\/atakkarejo.com.br\/wp-content\/uploads\/2020\/01\/neve-webdesign-GB-03.png\" alt=\"\" \/><\/figure>\n<p><!-- \/wp:image --><!-- wp:heading {\"textAlign\":\"left\",\"level\":3,\"textColor\":\"neve-text-color\",\"className\":\"has-text-align-center\"} --><\/p>\n<h3 class=\"has-text-align-left has-text-align-center has-neve-text-color-color has-text-color\">Deeply Committed<\/h3>\n<p><!-- \/wp:heading --><!-- wp:paragraph {\"align\":\"left\",\"style\":{\"typography\":{\"fontSize\":15}},\"textColor\":\"neve-text-color\"} --><\/p>\n<p class=\"has-text-align-left has-neve-text-color-color has-text-color\" style=\"font-size: 15px;\">Lorem ipsum dolor sit amet elit do, consectetur adipiscing, sed eiusmod tempor.<\/p>\n<p><!-- \/wp:paragraph --><!-- wp:spacer {\"height\":20} --><\/p>\n<div class=\"wp-block-spacer\" style=\"height: 20px;\" aria-hidden=\"true\">\u00a0<\/div>\n<p><!-- \/wp:spacer --><\/p>\n<\/div>\n<p><!-- \/wp:column --><!-- wp:column {\"className\":\"ticss-a5b4df29\"} --><\/p>\n<div class=\"wp-block-column ticss-a5b4df29\">\n<p><!-- wp:image {\"id\":20,\"sizeSlug\":\"large\",\"linkDestination\":\"none\",\"className\":\"icon-style is-style-rounded\"} --><\/p>\n<figure class=\"wp-block-image size-large icon-style is-style-rounded\"><img decoding=\"async\" class=\"wp-image-20\" src=\"http:\/\/atakkarejo.com.br\/wp-content\/uploads\/2020\/01\/neve-webdesign-GB-03.png\" alt=\"\" \/><\/figure>\n<p><!-- \/wp:image --><!-- wp:heading {\"textAlign\":\"left\",\"level\":3,\"textColor\":\"neve-text-color\",\"className\":\"has-text-align-center\"} --><\/p>\n<h3 class=\"has-text-align-left has-text-align-center has-neve-text-color-color has-text-color\">Highly Skilled<\/h3>\n<p><!-- \/wp:heading --><!-- wp:paragraph {\"align\":\"left\",\"style\":{\"typography\":{\"fontSize\":15}},\"textColor\":\"neve-text-color\"} --><\/p>\n<p class=\"has-text-align-left has-neve-text-color-color has-text-color\" style=\"font-size: 15px;\">Lorem ipsum dolor sit amet elit do, consectetur adipiscing, sed eiusmod tempor.<\/p>\n<p><!-- \/wp:paragraph --><!-- wp:spacer {\"height\":20} --><\/p>\n<div class=\"wp-block-spacer\" style=\"height: 20px;\" aria-hidden=\"true\">\u00a0<\/div>\n<p><!-- \/wp:spacer --><\/p>\n<\/div>\n<p><!-- \/wp:column --><\/p>\n<\/div>\n<p><!-- \/wp:columns --><!-- wp:spacer {\"height\":30} --><\/p>\n<div class=\"wp-block-spacer\" style=\"height: 30px;\" aria-hidden=\"true\">\u00a0<\/div>\n<p><!-- \/wp:spacer --><\/p>\n<\/div>\n<\/div>\n<p><!-- \/wp:cover --><!-- wp:cover {\"overlayColor\":\"nv-light-bg\",\"minHeight\":600,\"align\":\"full\"} --><\/p>\n<div class=\"wp-block-cover alignfull has-nv-light-bg-background-color has-background-dim\" style=\"min-height: 600px;\">\n<div class=\"wp-block-cover__inner-container\">\n<p><!-- wp:group --><\/p>\n<div class=\"wp-block-group\">\n<p><!-- wp:spacer {\"height\":80} --><\/p>\n<div class=\"wp-block-spacer\" style=\"height: 80px;\" aria-hidden=\"true\">\u00a0<\/div>\n<p><!-- \/wp:spacer --><!-- wp:columns --><\/p>\n<div class=\"wp-block-columns\">\n<p><!-- wp:column --><\/p>\n<div class=\"wp-block-column\">\n<p><!-- wp:image {\"align\":\"center\",\"id\":214,\"sizeSlug\":\"large\",\"className\":\"is-style-default\"} --><\/p>\n<div class=\"wp-block-image is-style-default\">\n<figure class=\"aligncenter size-large\"><img loading=\"lazy\" decoding=\"async\" width=\"400\" height=\"400\" class=\"wp-image-214\" src=\"http:\/\/atakkarejo.com.br\/wp-content\/uploads\/2020\/12\/neve-web-design-studio-02.1.jpg\" alt=\"\" \/><\/figure>\n<\/div>\n<p><!-- \/wp:image --><!-- wp:heading {\"textAlign\":\"center\",\"level\":3,\"textColor\":\"neve-text-color\"} --><\/p>\n<h3 class=\"has-text-align-center has-neve-text-color-color has-text-color\">Keith Marshall<\/h3>\n<p><!-- \/wp:heading --><!-- wp:paragraph {\"align\":\"center\",\"textColor\":\"neve-text-color\"} --><\/p>\n<p class=\"has-text-align-center has-neve-text-color-color has-text-color\">Designer<\/p>\n<p><!-- \/wp:paragraph --><!-- wp:social-links {\"align\":\"center\"} --><\/p>\n<ul class=\"wp-block-social-links aligncenter\"><!-- wp:social-link {\"url\":\"#\",\"service\":\"facebook\"} \/--><!-- wp:social-link {\"url\":\"#\",\"service\":\"twitter\"} \/--><!-- wp:social-link {\"url\":\"#\",\"service\":\"linkedin\"} \/--><\/ul>\n<p><!-- \/wp:social-links --><!-- wp:spacer {\"height\":40} --><\/p>\n<div class=\"wp-block-spacer\" style=\"height: 40px;\" aria-hidden=\"true\">\u00a0<\/div>\n<p><!-- \/wp:spacer --><\/p>\n<\/div>\n<p><!-- \/wp:column --><!-- wp:column --><\/p>\n<div class=\"wp-block-column\">\n<p><!-- wp:image {\"align\":\"center\",\"id\":216,\"sizeSlug\":\"large\",\"className\":\"is-style-default\"} --><\/p>\n<div class=\"wp-block-image is-style-default\">\n<figure class=\"aligncenter size-large\"><img loading=\"lazy\" decoding=\"async\" width=\"400\" height=\"400\" class=\"wp-image-216\" src=\"http:\/\/atakkarejo.com.br\/wp-content\/uploads\/2020\/12\/neve-web-design-studio-04.1.jpg\" alt=\"\" \/><\/figure>\n<\/div>\n<p><!-- \/wp:image --><!-- wp:heading {\"textAlign\":\"center\",\"level\":3,\"textColor\":\"neve-text-color\"} --><\/p>\n<h3 class=\"has-text-align-center has-neve-text-color-color has-text-color\">George Williams<\/h3>\n<p><!-- \/wp:heading --><!-- wp:paragraph {\"align\":\"center\",\"textColor\":\"neve-text-color\"} --><\/p>\n<p class=\"has-text-align-center has-neve-text-color-color has-text-color\">Developer<\/p>\n<p><!-- \/wp:paragraph --><!-- wp:social-links {\"align\":\"center\"} --><\/p>\n<ul class=\"wp-block-social-links aligncenter\"><!-- wp:social-link {\"url\":\"#\",\"service\":\"facebook\"} \/--><!-- wp:social-link {\"url\":\"#\",\"service\":\"twitter\"} \/--><!-- wp:social-link {\"url\":\"#\",\"service\":\"linkedin\"} \/--><\/ul>\n<p><!-- \/wp:social-links --><!-- wp:spacer {\"height\":40} --><\/p>\n<div class=\"wp-block-spacer\" style=\"height: 40px;\" aria-hidden=\"true\">\u00a0<\/div>\n<p><!-- \/wp:spacer --><\/p>\n<\/div>\n<p><!-- \/wp:column --><!-- wp:column --><\/p>\n<div class=\"wp-block-column\">\n<p><!-- wp:image {\"align\":\"center\",\"id\":215,\"sizeSlug\":\"large\",\"className\":\"is-style-default\"} --><\/p>\n<div class=\"wp-block-image is-style-default\">\n<figure class=\"aligncenter size-large\"><img loading=\"lazy\" decoding=\"async\" width=\"400\" height=\"400\" class=\"wp-image-215\" src=\"http:\/\/atakkarejo.com.br\/wp-content\/uploads\/2020\/12\/neve-web-design-studio-03.1.jpg\" alt=\"\" \/><\/figure>\n<\/div>\n<p><!-- \/wp:image --><!-- wp:heading {\"textAlign\":\"center\",\"level\":3,\"textColor\":\"neve-text-color\"} --><\/p>\n<h3 class=\"has-text-align-center has-neve-text-color-color has-text-color\">Julia Castillo<\/h3>\n<p><!-- \/wp:heading --><!-- wp:paragraph {\"align\":\"center\",\"textColor\":\"neve-text-color\"} --><\/p>\n<p class=\"has-text-align-center has-neve-text-color-color has-text-color\">Client Service<\/p>\n<p><!-- \/wp:paragraph --><!-- wp:social-links {\"align\":\"center\"} --><\/p>\n<ul class=\"wp-block-social-links aligncenter\"><!-- wp:social-link {\"url\":\"#\",\"service\":\"facebook\"} \/--><!-- wp:social-link {\"url\":\"#\",\"service\":\"twitter\"} \/--><!-- wp:social-link {\"url\":\"#\",\"service\":\"linkedin\"} \/--><\/ul>\n<p><!-- \/wp:social-links --><!-- wp:spacer {\"height\":40} --><\/p>\n<div class=\"wp-block-spacer\" style=\"height: 40px;\" aria-hidden=\"true\">\u00a0<\/div>\n<p><!-- \/wp:spacer --><\/p>\n<\/div>\n<p><!-- \/wp:column --><\/p>\n<\/div>\n<p><!-- \/wp:columns --><!-- wp:spacer {\"height\":40} --><\/p>\n<div class=\"wp-block-spacer\" style=\"height: 40px;\" aria-hidden=\"true\">\u00a0<\/div>\n<p><!-- \/wp:spacer --><\/p>\n<\/div>\n<p><!-- \/wp:group --><\/p>\n<\/div>\n<\/div>\n<p><!-- \/wp:cover --><\/p>\t\t\t\t\t\t<\/div>\n\t\t\t\t<\/div>\n\t\t\t\t\t<\/div>\n\t\t<\/div>\n\t\t\t\t\t\t\t<\/div>\n\t\t<\/section>\n\t\t\t\t\t\t\t<\/div>\n\t\t","protected":false},"excerpt":{"rendered":"<p>\u00a0 We are driven by values Lorem ipsum dolor sit amet, consectetur adipiscing elit. Ut elit tellus, luctus nec ullamcorper mattis, pulvinar dapibus leo. Line high touch client we need to have a Come to Jesus meeting with Phil about his attitude, so where the. \u00a0 LET\u2019S TALK \u00a0 \u00a0 \u00a0 Super Efficient Lorem ipsum &hellip; <\/p>\n<p class=\"link-more\"><a href=\"http:\/\/atakkarejo.com.br\/?page_id=312\" class=\"more-link\">Continue reading<span class=\"screen-reader-text\"> &#8220;About Us&#8221;<\/span><\/a><\/p>\n","protected":false},"author":1,"featured_media":0,"parent":0,"menu_order":0,"comment_status":"closed","ping_status":"closed","template":"","meta":{"_ti_tpc_template_sync":false,"_ti_tpc_template_id":"0qhau2t6eoekosrgo1a2","footnotes":""},"class_list":["post-312","page","type-page","status-publish","hentry"],"_links":{"self":[{"href":"http:\/\/atakkarejo.com.br\/index.php?rest_route=\/wp\/v2\/pages\/312","targetHints":{"allow":["GET"]}}],"collection":[{"href":"http:\/\/atakkarejo.com.br\/index.php?rest_route=\/wp\/v2\/pages"}],"about":[{"href":"http:\/\/atakkarejo.com.br\/index.php?rest_route=\/wp\/v2\/types\/page"}],"author":[{"embeddable":true,"href":"http:\/\/atakkarejo.com.br\/index.php?rest_route=\/wp\/v2\/users\/1"}],"replies":[{"embeddable":true,"href":"http:\/\/atakkarejo.com.br\/index.php?rest_route=%2Fwp%2Fv2%2Fcomments&post=312"}],"version-history":[{"count":6,"href":"http:\/\/atakkarejo.com.br\/index.php?rest_route=\/wp\/v2\/pages\/312\/revisions"}],"predecessor-version":[{"id":395,"href":"http:\/\/atakkarejo.com.br\/index.php?rest_route=\/wp\/v2\/pages\/312\/revisions\/395"}],"wp:attachment":[{"href":"http:\/\/atakkarejo.com.br\/index.php?rest_route=%2Fwp%2Fv2%2Fmedia&parent=312"}],"curies":[{"name":"wp","href":"https:\/\/api.w.org\/{rel}","templated":true}]}}